= 4*q, 0 = w*d + 4*q. What is y(d)?
-2
Let y(a) be the third derivative of -1/8*a**4 - 5/6*a**3 + 3*a**2 + 0 + 0*a. Calculate y(-4).
7
Let a = 2 - 1. Let f = a + 3. Let d(u) = -u**3 + 4*u**2 - u - 4. Calculate d(f).
-8
Let j(x) be the second derivative of -x**6/180 + x**5/120 + x**4/24 - x**3/2 - 3*x. Let m(t) be the second derivative of j(t). Give m(-1).
-2
Let a(y) be the third derivative of y**9/60480 + y**8/6720 + y**7/1680 + y**6/720 - y**5/20 + y**2. Let g(f) be the third derivative of a(f). What is g(-2)?
-1
Let x(q) be the third derivative of 5*q**4/24 - 2*q**3/3 + 6*q**2. Let h(w) = 6*w - 3. Let n(d) = 3*h(d) - 2*x(d). Let p be ((-1 + 0)*-1)/1. Give n(p).
7
Let q be (6/(-18))/(1/3)*-3. Let s(p) be the second derivative of p**3/3 + p**2/2 - p. Calculate s(q).
7
Let l(v) = v**2 + 9*v + 7. Let t be 128/(-22) + 6/(-33). Calculate l(t).
-11
Let b(h) = -3*h + 3. Let d(q) = 4*q - 3. Let p(o) = -3*b(o) - 2*d(o). Let s(j) = 3*j - 6. Let z(a) = -5*p(a) + 2*s(a). What is z(-5)?
-2
Let b(d) be the third derivative of d**8/6720 - d**7/504 + d**6/360 + d**5/120 - d**4/8 - 7*d**2. Let a(u) be the second derivative of b(u). What is a(5)?
11
Let k(g) = -3*g + 0 + 1 + 0*g. Let w = -5 + 6. Let j be (w - 10/2)/(-2). Give k(j).
-5
Let a(y) = 5*y. Let b(s) = s**2 + s. Let p be b(0). Let g be 2 - (p + -1)*2. Let o be 6/8 + 1/g. Give a(o).
5
Let r(l) = l + 9. Let c(v) = v + 8. Let f(z) = -7*c(z) + 6*r(z). Let d(w) = w**3 + 10*w**2 - 12*w - 5. Let t be d(-11). What is f(t)?
-8
Let g(h) = -h + 5. Let f = 68 + -65. What is g(f)?
2
Let n(j) be the first derivative of -j**5/20 + 5*j**4/12 - 5*j**3/6 - j**2/2 + j - 3. Let f(s) be the first derivative of n(s). Give f(4).
-5
Let d(p) = 14*p - 1. Suppose -10 = -2*b, w + 4*b = 2*b + 11. What is d(w)?
13
Let x(k) = -k**3 - k**2 - k - 3. Let p = -3 + 0. Let c be -1 + -1 + (-3)/3. Let y = p - c. Give x(y).
-3
Suppose -3*m = -m - 8. Suppose m*r - 7*r + 3 = 0. Let f(q) = -q**2 + 4*q. Let t(s) = -s**2 + s. Let l(b) = -f(b) + 3*t(b). Calculate l(r).
-3
Let b(k) = -2*k. Suppose -4*s + 15 = -s. Let y = s + -12. Let x = -5 - y. Give b(x).
-4
Let i(t) be the first derivative of -2 + t + 1/2*t**2 - 1/3*t**3 - 1/4*t**4. Let c = 27 - 28. Give i(c).
0
Let n = 5 - 5. Suppose -5*x + 5*t - 20 = n, -2*x - 3*x - 16 = -3*t. Let w(d) = 2*d**2 + 3*d + 2. Calculate w(x).
4
Let j(w) = 5*w**3 - 4*w**2 - 2*w - 1. Let d(m) = -m**2. Let x(k) = -4*d(k) + j(k). Suppose 0 = 3*r + 5 - 2. Calculate x(r).
-4
Let y(i) = -i + 9. Let x be y(11). Let f be (0/1)/(4/x). Suppose 0 = u - f*u + 4. Let z(r) = r**3 + 3*r**2 - 4*r - 4. Determine z(u).
-4
Let u(v) = 2 + 0*v - 2*v + 3*v - 3. Let i be (-20)/5*(-3)/2. Suppose 3*g - 20 = -d - 9, -g = -2*d - i. What is u(d)?
-2
Let y(w) = -w - 11. Suppose -4*d + 3*d = 7. What is y(d)?
-4
Let r(n) be the third derivative of -n**4/24 - 2*n**3/3 + n**2. Let s(y) = -5*y + 53. Let q be s(10). Give r(q).
-7
Let n(v) = v**3 + 16*v**2 + v + 18. Let w be n(-16). Let t(l) be the first derivative of 1/2*l**2 + 2/3*l**3 + 1 + w*l. What is t(-2)?
8
Suppose -2*z + 18 = z. Let f = -12 + z. Let u(v) = 5*v + 3. Let g(r) = 4*r + 4. Let s(q) = -4*g(q) + 3*u(q). What is s(f)?
-1
Suppose 3*u + 13 = -v, -4*u + 3*v = 5*v + 18. Let g(y) = 23*y + 6. Let l(z) = 63*z + 17. Let p(f) = 11*g(f) - 4*l(f). Give p(u).
-6
Let c be 1/((2/2)/1). Let k = 2 + 0. Let y(s) = 1 - s**k - s + 0 + 2*s**3 - 3*s**3. What is y(c)?
-2
Let b(s) be the second derivative of s**3/6 + s**2 + 3*s. Let k be (-2)/9 - 1135/(-45). Suppose -5*d - 2*t - t = k, -d + 5*t + 23 = 0. Determine b(d).
0
Let q(i) = -i. Let p(s) be the third derivative of -s**6/10 - s**5/60 - s**4/24 - s**3/6 - 2*s**2. Let m be p(-1). Let t be (-4)/(-18) + m/(-9). What is q(t)?
1
Let h(l) = l + 10. Let p be h(-10). Suppose -4*d = -0*d + 3*x + 22, p = 4*d + 4*x + 24. Let t(f) = -f**3 - 5*f**2 - 2*f + 2. Calculate t(d).
-6
Let p(j) = -j**3 - 11*j + 12*j + 0*j**2 - 6 + 7*j**2 + j. Calculate p(7).
8
Let v(w) be the first derivative of w**3 + 2*w**2 + 3*w + 1. Let z = -78 + 76. Calculate v(z).
7
Let w(n) = -n**3 - 8*n**2 + n + 9. Let f be w(-8). Let b be ((-30)/40)/(2/(-8)). Let o(p) = 1 + p**3 + b*p - 5*p**2 - f. Determine o(4).
-4
Suppose -t - 12 = -4*t, -5*j = -t + 89. Let f = j + 18. Let y(u) = 3*u**3 + 1. Calculate y(f).
4
Let c(z) = -4*z + 50. Let s be c(12). Let l(w) be the second derivative of 0 + 1/2*w**4 - 3*w**s + w - 1/2*w**3 - 1/20*w**5. Calculate l(5).
4
Let t(p) = -2*p**2 - 2*p. Let y(g) = g + 1. Let n be y(-3). Give t(n).
-4
Let b = 8 - 5. Suppose -b*j - 25 = -u - u, 2*u = -j + 5. Let k(x) be the first derivative of x**2/2 + 7*x + 2. Give k(j).
2
Let i(r) = -r**2 - 8*r - 3. Let u be i(-5). Suppose -4*y = u, 2*a - 2 = -y - 3. Let m(w) = -2*w**2 + 4*w**2 - a - w - w + w**3. Determine m(-3).
-4
Let p(r) = 3*r**3 - 10*r**2 - 5*r - 10. Let a(w) = -w**3 + w**2 + 1. Let u(i) = 4*a(i) + p(i). Calculate u(-5).
-6
Let d be ((-2)/(-3))/((-4)/6). Let i(h) = 3*h - 5. Let k(n) = -n. Let g(o) = d*i(o) - 2*k(o). Give g(-4).
9
Let u(s) = -s**2 - 4*s. Let y(i) = i**2 + 5*i + 1. Let b(r) = 6*u(r) + 5*y(r). Let n(m) = m**2 - m - 1. Let q be n(-2). Determine b(q).
-15
Let s be 0 - (-3)/(-1*3). Let h = 4 + s. Let q(x) = x**3 - 3*x**2 - 2*x. What is q(h)?
-6
Let m(q) = -q**3 + 4*q**2 + q - 2. Let d = 4 - 0. Let t be m(d). Let i(v) = 0 - v + v**2 + 3 + 2 - 3. What is i(t)?
4
Let b(u) = -u**3 + u**2 + 4*u - 2. Suppose 4*g - 2*t = -26, 0*g = 4*g + 3*t + 1. Let l be 3/(-4) + (-15)/g. What is b(l)?
-8
Let r be -2 - -5 - -2 - (1 + 2). Let i(q) be the first derivative of 1/4*q**4 + 2*q + 1 + 5/2*q**r + 5/3*q**3. Calculate i(-3).
5
Let v = 4 + 1. Let g(j) = j**3 - 6*j**2 + 2*j - 3. Determine g(v).
-18
Let t(m) = -11*m + 1. Let j(r) = -5*r. Suppose 0 = -4*a - 9 - 19. Let o(y) = a*j(y) + 3*t(y). Calculate o(4).
11
Let j(a) = 0 + 4 - 5 - a. Let k be j(-4). Let x(o) = 3*o + 2*o - 16 + 15 - o**2. Give x(k).
5
Let f(k) = -2*k - 5. Let l be f(-6). Let g(m) = -6*m**3 + 3*m**2 - 2*m**2 + 0*m**3 - m + 1 + l*m**3. Calculate g(1).
2
Let d = -5 - -4. Let m = 2 - d. Let a be 1 - ((2 - 8) + m). Let x(g) = g + 4. Calculate x(a).
8
Let r(f) = 2*f**2 + 9*f**2 + f**3 - 2 - 18*f**2 + 3*f - 2*f**3. Determine r(-7).
-23
Let o(i) = 3*i**3 + 3*i**2 + 4*i - 1. Let b(g) = 7*g**3 + 6*g**2 + 8*g - 2. Let n(s) = 4*b(s) - 9*o(s). Calculate n(4).
1
Let j(w) = 5*w**2 - 2*w + w**2 - 4*w**2 + 7*w**3 + 1. Give j(1).
8
Suppose -2 = 2*h - 4*h. Let z(n) = 3*n. Let l be z(h). Let j(g) = l*g + 2*g + g. Determine j(1).
6
Let p(v) be the second derivative of 1/3*v**4 + v + 2/3*v**3 + 0 - 3*v**2 - 1/20*v**5. Determine p(4).
10
Let h(x) be the second derivative of x**5/20 + x**4/4 + x**3/3 + x**2 + 4*x. Let t(r) = r**2 + 2*r - 5. Let z be t(-3). Give h(z).
2
Suppose -3*t - 7 = 5*l + 17, -4*t + 20 = -2*l. Let p(k) = -k**2 - 6*k + 2. Calculate p(l).
2
Let j = -10 + 6. Let v(t) be the first derivative of -5*t**3/3 + 3*t**2/2 + 8*t + 2. Let p(o) = 4*o**2 - 3*o - 7. Let a(k) = 6*p(k) + 5*v(k). Calculate a(j).
-6
Let i = -98 - -92. Let f(q) = q**2 + 4*q + 1. Determine f(i).
13
Let x(z) = 4*z - 2*z**2 - 4*z**2 + 115*z**3 - 114*z**3. Give x(5).
-5
Let q(g) be the first derivative of g**3/3 - 3*g**2/2 - 4*g - 1. Suppose -5*u + 4*v - 4 = -3, 5*u - 23 = -2*v. Give q(u).
-4
Suppose -8 = -2*c + 4*c. Let g(a) = 25*a + 29. Let o(r) = -6*r - 7. Let v(k) = -2*g(k) - 9*o(k). Give v(c).
-11
Let h = -16 - -16. Let q(m) = h*m**2 - 2*m - 5 + 5*m + m + m**2. What is q(-5)?
0
Let b(u) = -10*u + 1. Suppose -3*q + 4*o + 2 = -q, q - 4 = -o. Suppose 7 = -4*m - a + 3, -3*m + q*a - 3 = 0. What is b(m)?
11
Let w(z) = -z**2 - z + 2. Suppose -5*h = -l + 33, 0 = -2*l - 2*l + 2*h + 114. Let o = l - 20. Suppose 5*n - n = -o. What is w(n)?
0
Let w(q) = -1052*q**2 + q**3 + 1053*q**2 - 21 + 10. Suppose -3*f = -0*f. Suppose -3*l - 12 = -2*r, f = 3*r - l + 2 - 6. Calculate w(r).
-11
Let c(n) = -n**2 + n - 4. Let u(k) = k**2 - 2*k + 3. Let z(o) = 3*c(o) + 4*u(o). Give z(4).
-4
Let c = 4 - 2. Let h(b) = 0 - b**2 - 6 - c*b + 8 + b**3. Determine h(2).
2
Let n(r) = -r**3 - 2*r**2 + 3*r + 2. Let m be (-8)/(-36) - (-124)/9. Suppose -4*d - m = 2*y - 3*y, 6 = 3*y. Calculate n(d).
2
Let n(p) be the third derivative of -p**5/10 - p**3/6 - 20*p**2. Determine n(1).
-7
Let b(v) be the third derivative of v**5/60 + v